{"id":3405,"date":"2019-06-25T14:03:39","date_gmt":"2019-06-25T14:03:39","guid":{"rendered":"https:\/\/e-designer.it\/stamp\/?page_id=3405"},"modified":"2019-06-26T09:53:58","modified_gmt":"2019-06-26T09:53:58","slug":"termini-e-condizioni","status":"publish","type":"page","link":"https:\/\/gemmagraf.it\/stampa-shopper-offerte\/termini-e-condizioni\/","title":{"rendered":"Termini e Condizioni"},"content":{"rendered":"<div class=\"grve-container\">\n<div class=\"grve-row grve-bookmark grve-columns-gap-30\">\n<div class=\"grve-column wpb_column grve-column-1\">\n<div class=\"grve-column-wrapper\">\n<div class=\"grve-element grve-text\">\n<p><span style=\"font-size: 14pt; color: #0e963d;\"><strong>Presentazione societ\u00e0 e contratto<\/strong><\/span><\/p>\n<p>I servizi oggetto delle presenti condizioni generali sono posti in vendita dalla Gemmagraf 2007 srl con sede in Roma, Via Tor de schiavi 227 \u2013\u00a0 numero REA 1155813\u00a0 CF\/Partita IVA 09336431003 di seguito indicata come Gemmagraf indirizzo di posta elettronica certificata gemmagraf@pec.it<br \/>\nCon l\u2019espressione \u201cCliente\u201d si intende il consumatore persona fisica che compie l\u2019acquisto, di cui al presente contratto, per scopi non riferibili all\u2019attivit\u00e0 commerciale o professionale eventualmente svolta.<br \/>\nCon il presente contratto, rispettivamente, Gemmagraf vende e il Cliente acquista a distanza tramite strumenti telematici i servizi di stampa indicati e offerti in vendita sul sito <a href=\"https:\/\/www.gemmagraf.it\">www.gemmagraf.it<\/a> . Ogni ordine implica l\u2019accettazione espressa e senza riserve del Cliente alle presenti condizioni generali di vendita e comporta la rinuncia all\u2019applicazione delle sue eventuali Condizioni Generali di Acquisto.\u00a0 Il contratto tra Gemmagraf e il Cliente si conclude esclusivamente attraverso la rete internet mediante l\u2019accesso del Cliente all\u2019indirizzo www.gemmagraf.it, ove, seguendo le procedure indicate, il Cliente arriver\u00e0 a formalizzare la proposta per l\u2019acquisto di servizi. Nel momento in cui Gemmagraf riceve dal Cliente l\u2019ordinazione provvede all\u2019invio di una e-mail di conferma.<\/p>\n<p><span style=\"font-size: 14pt; color: #0e963d;\"><strong>Regole per la stampa<\/strong><\/span><\/p>\n<p>Genera un file ad<strong>\u00a0alta risoluzione<\/strong>\u00a0(300dpi) in formato pdf, o in alternativa jpg. Anche per prodotti multi pagina, il file deve essere in ogni caso un file unico, composto eventualmente da pi\u00f9 pagine singole in ordine dalla prima all\u2019ultima pagina, (non si accettano pdf con pagine affiancate).<br \/>\nIl metodo di colore del documento e delle immagini deve essere\u00a0<strong>CMYK<\/strong>. Per i testi neri la composizione del colore deve essere: C=0, M=0, Y=0, K=100.<br \/>\nIl file deve essere esportato con i\u00a0<strong>segni di taglio<\/strong>\u00a0per delimitarne il formato. Non \u00e8 opportuno inserire altri segni come ad esempio, crocini di registro e barra di calibrazione.<br \/>\n\u00c8 richiesta un\u2019<strong>abbondanza<\/strong>\u00a0di 5 mm per lato. L\u2019abbondanza \u00e8 un margine di sicurezza necessario per facilitare il taglio ed evitare antiestetici fili bianchi ai margini del documento. In caso di fondi o di immagini \u201cal vivo\u201d, l\u2019abbondanza che eccede il formato di stampa \u00e8 quindi rifilata al taglio.<\/p>\n<p><span style=\"font-size: 14pt; color: #0e963d;\"><strong>Tempi di stampa<\/strong><\/span><\/p>\n<p>I tempi di consegna e la presa in carico dell\u2019ordine dipendono direttamente dalla conferma di pagamento. Non \u00e8 prevista la possibilit\u00e0 di procedere con la lavorazione senza la verifica del saldo.<br \/>\nPer la consegna entro 48 ore, i file devono pervenire entro le ore 15.00 del giorno precedente il \u201ccount down\u201d. Per esempio, nel caso si scelga la consegna per gioved\u00ec, il file deve essere inviato entro le ore 15.00 di marted\u00ec. N.B.: Sabato e domenica non sono considerati giorni lavorativi, quindi qualora si scelga la consegna il luned\u00ec, il file deve arrivare entro le 15.00 di gioved\u00ec.<\/p>\n<p><span style=\"font-size: 14pt; color: #0e963d;\"><strong>Modalit\u00e0 di pagamento e rimborso<\/strong><\/span><\/p>\n<p>Ogni pagamento potr\u00e0 avvenire unicamente per mezzo di uno dei metodi indicati nell\u2019apposita pagina web di Gemmagraf.<br \/>\nIl rimborso \u00e8 previsto solo in casi di difformit\u00e0 tra l\u2019ordine del Cliente e il materiale recapitato, in tal caso Gemmagraf provveder\u00e0 ad effettuare una sola ristampa del materiale.<\/p>\n<p><span style=\"font-size: 14pt; color: #0e963d;\"><strong>Tempi e modalit\u00e0 della consegna<\/strong><\/span><\/p>\n<p>I pacchi sono generalmente inviati entro i termini indicati in fase di ordine e vengono spediti tramite corriere GLS con tracciatura. Il link per tracciare il vostro pacco online sar\u00e0 disponibile dal giorno della spedizione.<br \/>\nLe spese di spedizione comprendono gli oneri di gestione e imballaggio e le spese postali. I costi di gestione sono fissi, mentre i costi di trasporto variano a seconda del peso totale della spedizione. Vi consigliamo di raggruppare i vostri articoli in un unico ordine. Non ci \u00e8 possibile raggruppare due ordini distinti effettuati separatamente, pertanto le spese di spedizione saranno addebitate per ognuno di essi. Il vostro pacco sar\u00e0 inviato a vostro rischio, ma viene prestata un\u2019attenzione particolare in caso di oggetti fragili. le scatole hanno dimensioni adeguatamente ampie e i vostri articoli son ben protetti.<br \/>\nI tempi della spedizione possono variare dal giorno indicato nell\u2019ordine e dalla conferma dello stesso.<br \/>\nGemmagraf non sar\u00e0 responsabile per danni, diretti e indiretti, dovuti alla mancata e\/o ritardata consegna del materiale, n\u00e9 sar\u00e0 responsabile di eventuali deterioramenti dell\u2019imballaggio;<\/p>\n<p><span style=\"font-size: 14pt; color: #0e963d;\"><strong>Limitazioni di responsabilit\u00e0<\/strong><\/span><\/p>\n<p>Gemmagraf non sar\u00e0 responsabile nei confronti del committente e\/o beneficiario della prestazione se diverso, per danni di qualsiasi specie, sia diretti che indiretti, derivanti da eventuali errori, di ogni natura, nella stampa del file inviato dal cliente o derivanti dalla ricezione di materiale sbagliato.<br \/>\nLa committente si assume la paternit\u00e0 dei contenuti oggetto di stampa esonerando Gemmagraf dall\u2019obbligo di esame degli stessi ed assumendosi, pertanto, qualsiasi responsabilit\u00e0 nei confronti di terzi che dovessero lamentare lesioni all\u2019immagine, onore, decoro, integrit\u00e0 morale o comunque qualsiasi danno patrimoniale e non patrimoniale causalmente collegate alla stampa oggetto di contratto.<br \/>\nGemmagraf non si assume alcuna responsabilit\u00e0 per disservizi imputabili a causa di forza maggiore, nel caso non riesca a dare esecuzione all\u2019ordine nei tempi previsti dal contratto, altres\u00ec non potr\u00e0 ritenersi responsabile verso l\u2019Acquirente per disservizi o malfunzionamenti connessi all\u2019utilizzo della rete internet.<br \/>\nNon sar\u00e0 inoltre responsabile in merito a danni, perdite e costi subiti dall\u2019Acquirente a seguito della mancata esecuzione del contratto per cause a lui non imputabili.<br \/>\nGemmagraf non si assume alcuna responsabilit\u00e0 per l\u2019eventuale uso fraudolento e illecito che possa essere fatto da parte di terzi, delle carte di credito, assegni e altri mezzi di pagamento, all\u2019atto del pagamento dei prodotti acquistati, qualora dimostri di aver adottato tutte le cautele possibili in base alla miglior scienza ed esperienza del momento e in base alla ordinaria diligenza.<\/p>\n<\/div>\n<\/div>\n<\/div>\n<\/div>\n<\/div>\n","protected":false},"excerpt":{"rendered":"<p>Presentazione societ\u00e0 e contratto I servizi oggetto delle presenti condizioni generali sono posti in vendita dalla Gemmagraf 2007 srl con sede in Roma, Via Tor de schiavi 227 \u2013\u00a0 numero REA 1155813\u00a0 CF\/Partita IVA 09336431003 di seguito indicata come Gemmagraf indirizzo di posta elettronica certificata gemmagraf@pec.it Con l\u2019espressione \u201cCliente\u201d si intende il consumatore persona fisica [&hellip;]<\/p>\n","protected":false},"author":2,"featured_media":0,"parent":0,"menu_order":0,"comment_status":"closed","ping_status":"closed","template":"","meta":{"footnotes":""},"class_list":["post-3405","page","type-page","status-publish","hentry"],"_links":{"self":[{"href":"https:\/\/gemmagraf.it\/stampa-shopper-offerte\/wp-json\/wp\/v2\/pages\/3405","targetHints":{"allow":["GET"]}}],"collection":[{"href":"https:\/\/gemmagraf.it\/stampa-shopper-offerte\/wp-json\/wp\/v2\/pages"}],"about":[{"href":"https:\/\/gemmagraf.it\/stampa-shopper-offerte\/wp-json\/wp\/v2\/types\/page"}],"author":[{"embeddable":true,"href":"https:\/\/gemmagraf.it\/stampa-shopper-offerte\/wp-json\/wp\/v2\/users\/2"}],"replies":[{"embeddable":true,"href":"https:\/\/gemmagraf.it\/stampa-shopper-offerte\/wp-json\/wp\/v2\/comments?post=3405"}],"version-history":[{"count":3,"href":"https:\/\/gemmagraf.it\/stampa-shopper-offerte\/wp-json\/wp\/v2\/pages\/3405\/revisions"}],"predecessor-version":[{"id":3445,"href":"https:\/\/gemmagraf.it\/stampa-shopper-offerte\/wp-json\/wp\/v2\/pages\/3405\/revisions\/3445"}],"wp:attachment":[{"href":"https:\/\/gemmagraf.it\/stampa-shopper-offerte\/wp-json\/wp\/v2\/media?parent=3405"}],"curies":[{"name":"wp","href":"https:\/\/api.w.org\/{rel}","templated":true}]}}